e the remainder when 394 is divided by 22.
20
Calculate the remainder when 124 is divided by 32.
28
Calculate the remainder when 5100 is divided by 104.
4
What is the remainder when 10244 is divided by 21?
17
Calculate the remainder when 2539 is divided by 98.
89
Calculate the remainder when 509 is divided by 16.
13
What is the remainder when 172 is divided by 58?
56
What is the remainder when 1249 is divided by 21?
10
Calculate the remainder when 7737 is divided by 60.
57
What is the remainder when 253 is divided by 86?
81
What is the remainder when 613 is divided by 156?
145
Calculate the remainder when 364 is divided by 122.
120
What is the remainder when 97 is divided by 59?
38
Calculate the remainder when 283 is divided by 25.
8
Calculate the remainder when 1306 is divided by 430.
16
What is the remainder when 355 is divided by 30?
25
Calculate the remainder when 149 is divided by 36.
5
Calculate the remainder when 113 is divided by 13.
9
What is the remainder when 134 is divided by 18?
8
Calculate the remainder when 809 is divided by 54.
53
What is the remainder when 1138 is divided by 112?
18
Calculate the remainder when 3157 is divided by 29.
25
What is the remainder when 1365 is divided by 228?
225
Calculate the remainder when 297 is divided by 19.
12
Calculate the remainder when 254 is divided by 66.
56
Calculate the remainder when 1878 is divided by 171.
168
What is the remainder when 397 is divided by 54?
19
Calculate the remainder when 337 is divided by 19.
14
Calculate the remainder when 13404 is divided by 383.
382
What is the remainder when 892 is divided by 18?
10
Calculate the remainder when 137 is divided by 51.
35
Calculate the remainder when 1716 is divided by 9.
6
Calculate the remainder when 10257 is divided by 36.
33
Calculate the remainder when 416 is divided by 71.
61
Calculate the remainder when 2095 is divided by 33.
16
What is the remainder when 205 is divided by 69?
67
What is the remainder when 283 is divided by 149?
134
What is the remainder when 1347 is divided by 75?
72
Calculate the remainder when 354 is divided by 6.
0
What is the remainder when 6451 is divided by 14?
11
Calculate the remainder when 2234 is divided by 15.
14
Calculate the remainder when 411 is divided by 28.
19
What is the remainder when 129 is divided by 11?
8
What is the remainder when 57 is divided by 20?
17
What is the remainder when 39 is divided by 16?
7
Calculate the remainder when 31315 is divided by 7.
4
Calculate the remainder when 1238 is divided by 186.
122
What is the remainder when 50 is divided by 19?
12
What is the remainder when 3794 is divided by 316?
2
What is the remainder when 49 is divided by 4?
1
Calculate the remainder when 85 is divided by 38.
9
What is the remainder when 930 is divided by 36?
30
What is the remainder when 406 is divided by 70?
56
What is the remainder when 138 is divided by 35?
33
What is the remainder when 73 is divided by 57?
16
Calculate the remainder when 2303 is divided by 5.
3
Calculate the remainder when 1869 is divided by 12.
9
What is the remainder when 606 is divided by 84?
18
Calculate the remainder when 3112 is divided by 38.
34
What is the remainder when 1256 is divided by 411?
23
Calculate the remainder when 941 is divided by 438.
65
What is the remainder when 245 is divided by 14?
7
Calculate the remainder when 889 is divided by 8.
1
What is the remainder when 537 is divided by 9?
6
What is the remainder when 130 is divided by 125?
5
What is the remainder when 774 is divided by 112?
102
Calculate the remainder when 1549 is divided by 141.
139
Calculate the remainder when 1519 is divided by 95.
94
Calculate the remainder when 60 is divided by 17.
9
What is the remainder when 717 is divided by 142?
7
Calculate the remainder when 1495 is divided by 81.
37
Calculate the remainder when 107 is divided by 38.
31
What is the remainder when 673 is divided by 13?
10
What is the remainder when 202 is divided by 18?
4
Calculate the remainder when 144 is divided by 7.
4
Calculate the remainder when 1430 is divided by 6.
2
Calculate the remainder when 15987 is divided by 5324.
15
What is the remainder when 338 is divided by 57?
53
Calculate the remainder when 117 is divided by 10.
7
What is the remainder when 1735 is divided by 28?
27
What is the remainder when 579 is divided by 53?
49
What is the remainder when 251 is divided by 150?
101
Calculate the remainder when 186 is divided by 99.
87
Calculate the remainder when 5356 is divided by 57.
55
Calculate the remainder when 133 is divided by 59.
15
What is the remainder when 1677 is divided by 240?
237
Calculate the remainder when 219 is divided by 28.
23
Calculate the remainder when 89 is divided by 2.
1
Calculate the remainder when 1887 is divided by 61.
57
What is the remainder when 2921 is divided by 17?
14
What is the remainder when 1137 is divided by 20?
17
What is the remainder when 75 is divided by 29?
17
Calculate the remainder when 158 is divided by 20.
18
Calculate the remainder when 376 is divided by 185.
6
What is the remainder when 312 is divided by 5?
2
What is the remainder when 1333 is divided by 2?
1
What is the remainder when 1292 is divided by 7?
4
Calculate the remainder when 275 is divided by 69.
68
Calculate the remainder when 165 is divided by 28.
25
Calculate the remainder when 989 is divided by 32.
29
Calculate the remainder when 149 is divided by 30.
29
Calculate the remainder when 3897 is divided by 78.
75
Calculate the remainder when 363 is divided by 45.
3
Calculate the remainder when 3373 is divided by 561.
7
Calculate the remainder when 3365 is divided by 35.
5
What is the remainder when 473 is divided by 80?
73
What is the remainder when 252 is divided by 24?
12
What is the remainder when 175 is divided by 44?
43
What is the remainder when 771 is divided by 31?
27
Calculate the remainder when 242 is divided by 67.
41
What is the remainder when 537 is divided by 30?
27
Calculate the remainder when 255 is divided by 16.
15
What is the remainder when 3218 is divided by 70?
68
What is the remainder when 80 is divided by 20?
0
Calculate the remainder when 728 is divided by 73.
71
What is the remainder when 118 is divided by 12?
10
Calculate the remainder when 50 is divided by 6.
2
Calculate the remainder when 2560 is divided by 365.
5
Calculate the remainder when 49 is divided by 9.
4
What is the remainder when 5529 is divided by 27?
21
Calculate the remainder when 13191 is divided by 68.
67
What is the remainder when 112 is divided by 30?
22
Calculate the remainder when 3297 is divided by 13.
8
Calculate the remainder when 1499 is divided by 6.
5
Calculate the remainder when 135 is divided by 23.
20
What is the remainder when 116 is divided by 106?
10
Calculate the remainder when 323 is divided by 47.
41
Calculate the remainder when 7893 is divided by 4.
1
Calculate the remainder when 30 is divided by 12.
6
What is the remainder when 51 is divided by 24?
3
Calculate the remainder when 367 is divided by 112.
31
What is the remainder when 1428 is divided by 75?
3
What is the remainder when 399 is divided by 25?
24
What is the remainder when 1471 is divided by 8?
7
Calculate the remainder when 6881 is divided by 62.
61
What is the remainder when 51368 is divided by 10?
8
What is the remainder when 115 is divided by 26?
11
What is the remainder when 67 is divided by 41?
26
Calculate the remainder when 2152 is divided by 57.
43
What is the remainder when 31 is divided by 20?
11
What is the remainder when 75 is divided by 24?
3
What is the remainder when 26 is divided by 9?
8
What is the remainder when 2541 is divided by 6?
3
Calculate the remainder when 284 is divided by 24.
20
What is the remainder when 1004 is divided by 19?
16
Calculate the remainder when 411 is divided by 103.
102
Calculate the remainder when 31 is divided by 25.
6
What is the remainder when 180 is divided by 46?
42
Calculate the remainder when 12 is divided by 9.
3
What is the remainder when 590 is divided by 66?
62
What is the remainder when 2012 is divided by 84?
80
Calculate the remainder when 128 is divided by 66.
62
What is the remainder when 649 is divided by 121?
44
What is the remainder when 396 is divided by 101?
93
What is the remainder w